e remainder when 458 is divided by 19?
2
What is the remainder when 13299 is divided by 175?
174
What is the remainder when 87 is divided by 27?
6
Calculate the remainder when 5076 is divided by 8.
4
What is the remainder when 156 is divided by 48?
12
What is the remainder when 108 is divided by 48?
12
Calculate the remainder when 317 is divided by 103.
8
What is the remainder when 2798 is divided by 100?
98
Calculate the remainder when 10666 is divided by 39.
19
What is the remainder when 535 is divided by 113?
83
What is the remainder when 138 is divided by 26?
8
Calculate the remainder when 824 is divided by 55.
54
Calculate the remainder when 634 is divided by 6.
4
Calculate the remainder when 1267 is divided by 415.
22
Calculate the remainder when 204 is divided by 53.
45
Calculate the remainder when 1455 is divided by 23.
6
Calculate the remainder when 29 is divided by 22.
7
Calculate the remainder when 848 is divided by 34.
32
What is the remainder when 174 is divided by 61?
52
Calculate the remainder when 6164 is divided by 112.
4
Calculate the remainder when 5928 is divided by 11.
10
Calculate the remainder when 614 is divided by 192.
38
What is the remainder when 69 is divided by 25?
19
Calculate the remainder when 313 is divided by 40.
33
What is the remainder when 118 is divided by 31?
25
What is the remainder when 4689 is divided by 15?
9
Calculate the remainder when 317 is divided by 47.
35
Calculate the remainder when 76 is divided by 47.
29
What is the remainder when 349 is divided by 26?
11
Calculate the remainder when 82225 is divided by 337.
334
What is the remainder when 463 is divided by 3?
1
Calculate the remainder when 1121 is divided by 21.
8
What is the remainder when 1025 is divided by 200?
25
Calculate the remainder when 511 is divided by 64.
63
What is the remainder when 583 is divided by 59?
52
Calculate the remainder when 747 is divided by 68.
67
Calculate the remainder when 774 is divided by 37.
34
What is the remainder when 264 is divided by 78?
30
Calculate the remainder when 3125 is divided by 58.
51
What is the remainder when 1057 is divided by 8?
1
What is the remainder when 543 is divided by 78?
75
What is the remainder when 10 is divided by 8?
2
What is the remainder when 139 is divided by 29?
23
What is the remainder when 1181 is divided by 581?
19
Calculate the remainder when 172 is divided by 35.
32
Calculate the remainder when 223 is divided by 8.
7
What is the remainder when 860 is divided by 11?
2
What is the remainder when 225 is divided by 100?
25
Calculate the remainder when 305 is divided by 59.
10
Calculate the remainder when 15 is divided by 5.
0
Calculate the remainder when 116 is divided by 42.
32
What is the remainder when 109 is divided by 39?
31
What is the remainder when 15752 is divided by 202?
198
What is the remainder when 596 is divided by 86?
80
What is the remainder when 405 is divided by 128?
21
Calculate the remainder when 206 is divided by 21.
17
Calculate the remainder when 256 is divided by 55.
36
Calculate the remainder when 361 is divided by 73.
69
Calculate the remainder when 10 is divided by 8.
2
Calculate the remainder when 165 is divided by 28.
25
Calculate the remainder when 336 is divided by 70.
56
Calculate the remainder when 5856 is divided by 101.
99
What is the remainder when 40 is divided by 6?
4
Calculate the remainder when 271 is divided by 55.
51
Calculate the remainder when 109 is divided by 24.
13
What is the remainder when 622 is divided by 215?
192
Calculate the remainder when 4759 is divided by 35.
34
What is the remainder when 89 is divided by 53?
36
Calculate the remainder when 78 is divided by 9.
6
Calculate the remainder when 487 is divided by 35.
32
Calculate the remainder when 538 is divided by 90.
88
What is the remainder when 478 is divided by 97?
90
Calculate the remainder when 20 is divided by 15.
5
Calculate the remainder when 2291 is divided by 33.
14
Calculate the remainder when 268 is divided by 62.
20
Calculate the remainder when 71 is divided by 43.
28
What is the remainder when 1196 is divided by 298?
4
Calculate the remainder when 1332 is divided by 46.
44
Calculate the remainder when 141 is divided by 12.
9
Calculate the remainder when 487 is divided by 7.
4
What is the remainder when 171 is divided by 165?
6
What is the remainder when 1179 is divided by 13?
9
What is the remainder when 1070 is divided by 63?
62
Calculate the remainder when 508 is divided by 44.
24
What is the remainder when 164 is divided by 19?
12
What is the remainder when 235 is divided by 118?
117
What is the remainder when 615 is divided by 87?
6
Calculate the remainder when 12185 is divided by 51.
47
What is the remainder when 638 is divided by 16?
14
What is the remainder when 342 is divided by 61?
37
What is the remainder when 133 is divided by 11?
1
Calculate the remainder when 196 is divided by 20.
16
What is the remainder when 1872 is divided by 17?
2
Calculate the remainder when 47 is divided by 12.
11
What is the remainder when 856 is divided by 27?
19
What is the remainder when 729 is divided by 73?
72
What is the remainder when 629 is divided by 9?
8
Calculate the remainder when 1461 is divided by 38.
17
What is the remainder when 539 is divided by 174?
17
What is the remainder when 76 is divided by 36?
4
What is the remainder when 2334 is divided by 12?
6
Calculate the remainder when 419 is divided by 21.
20
Calculate the remainder when 3825 is divided by 763.
10
Calculate the remainder when 99 is divided by 16.
3
Calculate the remainder when 206 is divided by 7.
3
What is the remainder when 573 is divided by 307?
266
What is the remainder when 24 is divided by 5?
4
What is the remainder when 780 is divided by 7?
3
Calculate the remainder when 203 is divided by 17.
16
Calculate the remainder when 300 is divided by 110.
80
Calculate the remainder when 970 is divided by 81.
79
Calculate the remainder when 1059 is divided by 10.
9
Calculate the remainder when 5471 is divided by 19.
18
What is the remainder when 547 is divided by 293?
254
What is the remainder when 266 is divided by 53?
1
Calculate the remainder when 2233 is divided by 1106.
21
Calculate the remainder when 866 is divided by 271.
53
What is the remainder when 283 is divided by 101?
81
Calculate the remainder when 1273 is divided by 85.
83
What is the remainder when 141 is divided by 73?
68
Calculate the remainder when 105 is divided by 40.
25
Calculate the remainder when 1072 is divided by 29.
28
Calculate the remainder when 1612 is divided by 74.
58
Calculate the remainder when 14 is divided by 8.
6
Calculate the remainder when 44 is divided by 41.
3
Calculate the remainder when 610 is divided by 203.
1
What is the remainder when 2159 is divided by 114?
107
Calculate the remainder when 92 is divided by 31.
30
Calculate the remainder when 842 is divided by 210.
2
What is the remainder when 226 is divided by 17?
5
Calculate the remainder when 1628 is divided by 176.
44
Calculate the remainder when 280 is divided by 152.
128
What is the remainder when 66 is divided by 28?
10
What is the remainder when 1056 is divided by 24?
0
What is the remainder when 2458 is divided by 130?
118
What is the remainder when 1469 is divided by 164?
157
What is the remainder when 2388 is divided by 8?
4
What is the remainder when 60 is divided by 18?
6
Calculate the remainder when 4177 is divided by 17.
12
What is the remainder when 2018 is divided by 400?
18
Calculate the remainder when 8489 is divided by 16.
9
Calculate the remainder when 204 is divided by 50.
4
What is the remainder when 485 is divided by 43?
12
What is the remainder when 422 is divided by 56?
30
What is the remainder when 1176 is divided by 37?
29
What is the remainder when 4458 is divided by 20?
18
Calculate the remainder when 14504 is divided by 163.
160
What is the remainder when 1974 is divided by 124?
114
What is the remainder when 1565 is divided by 220?
25
Calculate the remainder when 89 is divided by 12.
5
What is the remainder when 3660 is divided by 913?
8
Calculate the remainder when 100844 is divided by 27.
26
Calculate the remainder when 130 is divided by 40.
10
Calculate the remainder when 69 is divided by 14.
13
Calculate th